 -r*j = o - 6*o + 24. What is the units digit of n(o)?
2
Let w(k) = -k + 18. Let h be w(14). Suppose -h*l = -3*q - 525, l + q - 73 = 53. Suppose 0*r - 3*r + l = 0. What is the tens digit of r?
4
What is the tens digit of (618/(-8))/((-12)/352)?
6
Suppose 14*p + 378 = 17*p. Suppose 134 = 5*k - p. What is the tens digit of k?
5
Let q = -336 + 372. What is the tens digit of q?
3
Let d(f) = -347*f + 340. What is the thousands digit of d(-5)?
2
Let k(f) = f**3 + 8*f**2 - 10*f + 7. Suppose -3*a + 4 = -7*a. Let g be a/(-2) - (-38)/(-4). What is the tens digit of k(g)?
1
Let u = -79 + 85. What is the units digit of 2/3 - (-194)/u?
3
Suppose o = -3*s + 7, 0 = 2*o + s - 2 - 2. What is the tens digit of (o - -78)/(2 - 1)?
7
Let h(v) = 0*v - 1 - v**2 - 11*v + 10*v. Let g(w) = -w**3 - w**2 + 5*w + 7. Let k(d) = -g(d) - 4*h(d). What is the tens digit of k(3)?
6
Let x = -193 + 66. Let i = 289 + x. What is the units digit of i?
2
Let r = 31 + -29. Suppose 40 = r*n + 2*n. What is the tens digit of n?
1
Let n(x) = x**3 - 12*x**2 + 9*x + 9. Let k = 25 - 14. Let g be n(k). Let w = 24 + g. What is the tens digit of w?
1
Let x be (-344)/(-12) + (-2)/3. Let r = -10 + x. Suppose i + 31 = v, 3*v - r = 2*i + 78. What is the tens digit of v?
3
What is the units digit of ((-6)/3)/(8/(-4340) + 0)?
5
Suppose -7 = 3*n - 16. Suppose -3*z - n*w + 180 = -0*w, -5*w = 2*z - 135. Suppose -68 = -4*k - 4*p, -z = -3*k - 2*k + p. What is the tens digit of k?
1
Let g be (-2)/5 - 10/(-25). Suppose -2*u + g*u = -6. What is the units digit of u?
3
What is the units digit of (-14 + -44)*(-3)/2?
7
Let m = 645 - -21. Suppose -6*c + m = 3*c. What is the tens digit of c?
7
Let d = -2243 + 4262. What is the tens digit of d?
1
Let f(d) = d**2 - 5*d - 6. Let t be f(6). Suppose 0 = -w - 0*w - 2*u + 58, t = 5*w - 3*u - 225. Suppose -v = 3*v - w. What is the units digit of v?
2
Suppose 58*q + 82563 = 97*q. What is the hundreds digit of q?
1
Suppose 70*k - 8040 = 60*k. What is the tens digit of k?
0
Let p(v) = -34*v**3 - v**2 - 3*v - 1. Let c be (15/(-30))/(1/(-20)). Suppose 0 = -c*x + 15*x + 5. What is the units digit of p(x)?
5
Let k = -238 + 969. What is the tens digit of k?
3
Let q(k) = -3*k**3 + 12*k**2 + 15*k + 11. What is the units digit of q(-10)?
1
Let x be 2 + 1 - (9 + -14). Suppose -a + 5*q = -x, -a + q + 16 = a. What is the units digit of a?
8
Let j(i) = 369*i**2 - 6*i - 10. What is the tens digit of j(3)?
9
Let k = -8 + 6. Let t be 12/18*(1 - k). What is the units digit of t/5 + 186/10?
9
Let x = 483 + -117. What is the tens digit of x?
6
Let f(i) = -i**2 - 22*i - 17. Let d be f(-18). What is the tens digit of (d - 12/(-4)) + 1?
5
Suppose -r - 18 = -4*f, 5*r + 10 + 0 = 0. Let z be f + (-4 - 4) + 98. Suppose -10 = 4*k - z. What is the units digit of k?
1
Suppose -u = -5*k - 278 + 13, k + 5*u + 79 = 0. Suppose r + 3*g = -21, 5*r = -0*g + 5*g - 25. What is the units digit of 12/k - 308/r?
4
Suppose 0 = -5*g + 59 + 111. Suppose -2*j = a - 26, -2*a + 26 + g = -4*j. Suppose 0*l + a = 2*l. What is the tens digit of l?
1
Let s(q) = 23*q - 42. Let a be s(17). Suppose 6*j - 83 - a = 0. What is the units digit of j?
2
Suppose -5*z + 771 = 5*y - 3344, 5*y - 5*z - 4145 = 0. What is the hundreds digit of y?
8
Suppose 3*g = -73 - 41. Let a = g + -3. Let k = a - -59. What is the units digit of k?
8
Suppose -4*b - 3*m + 463 = 0, -m = 3*b + 4*m - 350. What is the tens digit of b?
1
Let o = 137 + 25. What is the hundreds digit of o?
1
Suppose -4236 = 38*u - 12786. What is the units digit of u?
5
Let v(g) = 34*g - 23. What is the thousands digit of v(38)?
1
Suppose 40*p - 4311 = -2*q + 45*p, p = -3*q + 6424. What is the thousands digit of q?
2
Let j(m) be the first derivative of m**3 + m**2/2 + 2*m + 2. Let a(w) be the first derivative of j(w). What is the tens digit of a(9)?
5
Suppose -135 + 18 = -13*c. Suppose 0*f + 153 = c*f. What is the units digit of f?
7
Let g(y) = y**3 + 8*y**2 - 7*y - 65. What is the tens digit of g(-7)?
3
Suppose 3*b - 15 = -6. Suppose 2*n + 61 = b*n. What is the tens digit of n?
6
Suppose 5*f - 5*v + 155 = 0, -4*f = v + 73 + 31. Let x = f - -31. Suppose 0 = -3*q - x*q + 98. What is the tens digit of q?
1
Let j(m) be the second derivative of m**7/840 + m**6/720 - m**5/120 + m**4/2 + 2*m. Let p(n) be the third derivative of j(n). What is the units digit of p(4)?
1
Suppose -50*h + 49*h + 21 = 0. What is the units digit of h?
1
Suppose f + 308 = -0*f. Let g = -195 - f. What is the hundreds digit of g?
1
Suppose 36*b - 3865 = 51359. What is the thousands digit of b?
1
Let r = 896 + -476. What is the hundreds digit of r?
4
Suppose 18*c - 3369 - 717 = 0. What is the tens digit of c?
2
Let y(p) be the second derivative of 13*p**6/180 - 5*p**3/6 + 3*p. Let m(v) be the second derivative of y(v). What is the units digit of m(1)?
6
Suppose 0 = -3*r + 95 - 8. Suppose -98 = -3*w - 17. Let p = r - w. What is the units digit of p?
2
Let f = 24 + -19. Suppose 132 - 6 = k - 3*t, -f*t = k - 110. What is the tens digit of k?
2
Let z = 12 + -10. Suppose -9 = 5*x - z*x, -3*c + 5*x = -18. Suppose -m = -n + c - 3, -24 = -4*n - 4*m. What is the units digit of n?
2
Let r(c) = 3371*c**2 - 17*c - 18. What is the tens digit of r(-1)?
7
Let b = -18 - -12. Let q be (4 + 513/b)*-2. Suppose -5*f + q + 32 = 0. What is the units digit of f?
9
Let g be (4 - (1 - 0))/(-1). Let d be (-1 + g/6)*-2. Suppose d*j + j = 144. What is the units digit of j?
6
Let z = -5940 + 11053. What is the thousands digit of z?
5
Suppose 102 = 25*y - 22*y. What is the tens digit of y?
3
Let n(a) be the first derivative of a**4/4 - 3*a**3 + a**2/2 - 6*a + 11. Let g be n(9). Suppose g*w + 0*w = 39. What is the units digit of w?
3
Let k = 11 - 27. Let s be 2*(-2)/(-4) + -7. Let y = s - k. What is the tens digit of y?
1
Let t = -19 - -32. Let a(c) = -11 - 6 - c**2 + 11 - t*c. What is the units digit of a(-6)?
6
Let b be 46/6 - (-1)/3. Let v = 0 + b. What is the tens digit of 38 + (-4)/(-8)*v?
4
Suppose 5*u - 2*u - 738 = 0. Let z = u - 130. Suppose -4*a + 0*a = -z. What is the tens digit of a?
2
Let h = -463 - -685. What is the hundreds digit of h?
2
Let y(g) = -20 - 4*g + 5*g - 15. Let v be y(0). Let m = v + 52. What is the units digit of m?
7
Suppose -2*r + 424 = k, 0*k - 12 = 3*k. Let m = r - 106. Suppose -2*h + 6*h = m. What is the units digit of h?
7
Let a be 60/8 - (-1)/2. What is the units digit of ((-86)/a)/(5/(-20))?
3
Suppose -a - 5*b = -7*b - 1440, -4*a + 5744 = -4*b. What is the thousands digit of a?
1
Let n(t) = 7*t**2 + 39*t + 46. Let b(i) = -8*i**2 - 40*i - 45. Let v(f) = -6*b(f) - 7*n(f). What is the hundreds digit of v(-17)?
2
Suppose 16*w = 20*w - 148. What is the tens digit of w?
3
Let c = 4197 - 2151. What is the units digit of c?
6
Let m(n) be the first derivative of 17*n**2/2 - 3*n - 13. What is the tens digit of m(4)?
6
Let o be -2*(-1 - (-28)/(-8)). Let i = -5 + o. Suppose 0 = 4*u + i*w - 16, 5*w - 6 = -2*u + 11. What is the units digit of u?
1
Let i(v) = 21*v**2 - 2*v - 3. Suppose 3*b - 6 = -0*b + 3*m, 2*b = m + 4. What is the tens digit of i(b)?
7
Let g(q) be the second derivative of q**4/12 - q**2 + 5*q. Let f be g(0). What is the units digit of (f - 55)/((-3)/2)?
8
Suppose -1988*n = -1982*n - 13008. What is the units digit of n?
8
Let i be (-12)/(-15) - (-12)/10. Suppose i*l + 167 = f - 4*f, -f = 5. What is the units digit of (-2 + l)/((-6)/4)?
2
Suppose -2*n + 5*n = 12. Suppose v = n*c - 6*c + 14, 5*c = -v + 8. What is the units digit of v?
8
Suppose 0 = -4*h + 2*h - 50. Let n = 58 + h. Let i = n + -15. What is the tens digit of i?
1
Let a be (-18)/9 + 8/2. Suppose 0*d = -a*d + 132. What is the units digit of d?
6
Suppose 0 = 23*r + 25*r + 144. Let d(w) = -5*w**3 + 14*w**2 + 4. Let p(z) = -2*z**3 + 7*z**2 + 2. Let l(u) = -3*d(u) + 7*p(u). What is the tens digit of l(r)?
3
Let p be -17 + 16 + (5 - 0). Suppose -4*k + 52 = 2*l + k, -104 = -p*l - 2*k. What is the tens digit of l?
2
Let g = 16 - 25. Let b be g/27 + (-1)/(-3). Suppose -4 = -b*s - s. What is the units digit of s?
4
Suppose 0 = -13*n + 3711 - 942. What is the tens digit of n?
1
Suppose 4*c - 2*i = 2*c + 4, -15 = 3*c + 4*i. Let h be 1 + (-3)/(3/c). Suppose -7*b + 105 = -h*b. What is the tens digit of b?
2
Suppose k = 64 + 280. What is the tens digit o